{"id":6603,"date":"2020-06-03T21:14:59","date_gmt":"2020-06-03T21:14:59","guid":{"rendered":"http:\/\/diabetes.org.ar\/2020\/?page_id=6603"},"modified":"2020-11-20T16:40:22","modified_gmt":"2020-11-20T16:40:22","slug":"categorias-de-socios","status":"publish","type":"page","link":"http:\/\/diabetes.org.ar\/2020\/categorias-de-socios\/","title":{"rendered":"Categor\u00edas de Socios"},"content":{"rendered":"[vc_row type=\u00bbfull_width_background\u00bb full_screen_row_position=\u00bbmiddle\u00bb equal_height=\u00bbyes\u00bb content_placement=\u00bbbottom\u00bb column_margin=\u00bbdefault\u00bb bg_color=\u00bb#f79521&#8243; scene_position=\u00bbcenter\u00bb text_color=\u00bbdark\u00bb text_align=\u00bbleft\u00bb top_padding=\u00bb12%\u00bb bottom_padding=\u00bb8%\u00bb overlay_strength=\u00bb0.5&#8243; shape_divider_position=\u00bbbottom\u00bb shape_divider_height=\u00bb350&#8243; bg_image_animation=\u00bbfade-in\u00bb parallax_bg=\u00bbtrue\u00bb parallax_bg_speed=\u00bbfast\u00bb shape_type=\u00bbmountains\u00bb][vc_column column_padding=\u00bbno-extra-padding\u00bb column_padding_position=\u00bball\u00bb background_color_opacity=\u00bb1&#8243; background_hover_color_opacity=\u00bb1&#8243; column_link_target=\u00bb_self\u00bb column_shadow=\u00bbnone\u00bb column_border_radius=\u00bbnone\u00bb width=\u00bb1\/1&#8243; tablet_width_inherit=\u00bbdefault\u00bb tablet_text_alignment=\u00bbdefault\u00bb phone_text_alignment=\u00bbdefault\u00bb overlay_strength=\u00bb0.3&#8243; column_border_width=\u00bbnone\u00bb column_border_style=\u00bbsolid\u00bb bg_image_animation=\u00bbnone\u00bb][vc_row_inner column_margin=\u00bbdefault\u00bb text_align=\u00bbleft\u00bb][vc_column_inner column_padding=\u00bbno-extra-padding\u00bb column_padding_position=\u00bball\u00bb centered_text=\u00bbtrue\u00bb background_color_opacity=\u00bb1&#8243; background_hover_color_opacity=\u00bb1&#8243; font_color=\u00bb#ffffff\u00bb column_shadow=\u00bbnone\u00bb column_border_radius=\u00bbnone\u00bb column_link_target=\u00bb_self\u00bb width=\u00bb1\/1&#8243; tablet_width_inherit=\u00bbdefault\u00bb overlay_strength=\u00bb0.3&#8243; column_border_width=\u00bbnone\u00bb column_border_style=\u00bbsolid\u00bb bg_image_animation=\u00bbnone\u00bb][vc_column_text]\n<h1>Categor\u00edas de Socios<\/h1>\n[\/vc_column_text][\/vc_column_inner][\/vc_row_inner][\/vc_column][\/vc_row][vc_row type=\u00bbfull_width_background\u00bb full_screen_row_position=\u00bbmiddle\u00bb equal_height=\u00bbyes\u00bb column_margin=\u00bbdefault\u00bb scene_position=\u00bbcenter\u00bb text_color=\u00bbdark\u00bb text_align=\u00bbleft\u00bb top_padding=\u00bb5%\u00bb bottom_padding=\u00bb5%\u00bb overlay_strength=\u00bb0.5&#8243; shape_divider_position=\u00bbbottom\u00bb shape_divider_height=\u00bb350&#8243; bg_image_animation=\u00bbfade-in\u00bb parallax_bg=\u00bbtrue\u00bb parallax_bg_speed=\u00bbfast\u00bb shape_type=\u00bbmountains\u00bb][vc_column column_padding=\u00bbno-extra-padding\u00bb column_padding_position=\u00bball\u00bb background_color_opacity=\u00bb1&#8243; background_hover_color_opacity=\u00bb1&#8243; column_link_target=\u00bb_self\u00bb column_shadow=\u00bbnone\u00bb column_border_radius=\u00bbnone\u00bb width=\u00bb2\/6&#8243; tablet_width_inherit=\u00bbdefault\u00bb tablet_text_alignment=\u00bbdefault\u00bb phone_text_alignment=\u00bbdefault\u00bb overlay_strength=\u00bb0.3&#8243; column_border_width=\u00bbnone\u00bb column_border_style=\u00bbsolid\u00bb bg_image_animation=\u00bbnone\u00bb][vc_row_inner equal_height=\u00bbyes\u00bb content_placement=\u00bbtop\u00bb column_margin=\u00bbdefault\u00bb text_align=\u00bbleft\u00bb][vc_column_inner background_image=\u00bb6710&#8243; column_padding=\u00bbno-extra-padding\u00bb column_padding_position=\u00bball\u00bb background_color_opacity=\u00bb1&#8243; background_hover_color_opacity=\u00bb1&#8243; font_color=\u00bb#ffffff\u00bb column_shadow=\u00bbnone\u00bb column_border_radius=\u00bbnone\u00bb column_link_target=\u00bb_self\u00bb width=\u00bb1\/1&#8243; tablet_width_inherit=\u00bbdefault\u00bb overlay_strength=\u00bb0.3&#8243; column_border_width=\u00bbnone\u00bb column_border_style=\u00bbsolid\u00bb bg_image_animation=\u00bbnone\u00bb][vc_wp_custommenu nav_menu=\u00bb25&#8243;][\/vc_column_inner][\/vc_row_inner][\/vc_column][vc_column column_padding=\u00bbno-extra-padding\u00bb column_padding_position=\u00bball\u00bb background_color_opacity=\u00bb1&#8243; background_hover_color_opacity=\u00bb1&#8243; column_link_target=\u00bb_self\u00bb column_shadow=\u00bbnone\u00bb column_border_radius=\u00bbnone\u00bb width=\u00bb4\/6&#8243; tablet_width_inherit=\u00bbdefault\u00bb tablet_text_alignment=\u00bbdefault\u00bb phone_text_alignment=\u00bbdefault\u00bb overlay_strength=\u00bb0.3&#8243; column_border_width=\u00bbnone\u00bb column_border_style=\u00bbsolid\u00bb bg_image_animation=\u00bbnone\u00bb][toggles style=\u00bbdefault\u00bb][toggle color=\u00bbAccent-Color\u00bb title=\u00bbMiembros Titulares\u00bb][vc_column_text]Para la admisi\u00f3n con car\u00e1cter de Miembro Titular, se requieren las siguientes condiciones:<\/p>\n<p>a) Poseer t\u00edtulo universitario de M\u00e9dico o Doctor en Medicina, expedido por una Universidad Nacional o Extranjera reconocida por el Estado Nacional.<\/p>\n<p>b) Solicitar el ingreso, por escrito, a la Comisi\u00f3n Directiva. El pedido deber\u00e1 encontrarse avalado por dos Miembros Titulares u Honorarios, agreg\u00e1ndose a la petici\u00f3n el \u201ccurr\u00edculum vitae\u201d del peticionante.<\/p>\n<p>c) Contar con no menos de dos trabajos cient\u00edficos presentados y aprobados por la SOCIEDAD ARGENTINA de DIABETES.<\/p>\n<p>d) Obtener la MAYORIA SIMPLE de los votos escritos y secretos de la Comisi\u00f3n Directiva, quedando sujeta la aprobaci\u00f3n definitiva \u201cad refer\u00e9ndum\u201d de la Asamblea Anual Ordinaria, m\u00e1s pr\u00f3xima.<\/p>\n<p>DERECHOS Y OBLIGACIONES DE LOS MIEMBROS TITULARES<\/p>\n<p>a) Concurrir a las reuniones que se realicen y participar con voz y voto en las deliberaciones de la SOCIEDAD ARGENTINA de DIABETES.<\/p>\n<p>b) Presentar trabajos de investigaci\u00f3n en las reuniones y Congresos de la Entidad.<\/p>\n<p>c) Elegir y ser elegidos para ocupar cargos en la Comisi\u00f3n Directiva.<\/p>\n<p>d) Recibir las publicaciones que efect\u00fae la SOCIEDAD ARGENTINA de DIABETES.<\/p>\n<p>e) Integrar las Comisiones o Comit\u00e9s \u201cad hoc\u201d que sean creados por la Comisi\u00f3n Directiva.<\/p>\n<p>f) Abonar puntualmente las cuotas societarias.<\/p>\n<p>g) Contribuir con los medios al alcance, a fin de llevar a la pr\u00e1ctica las finalidades de la Sociedad.<\/p>\n<p>h) Cumplir fielmente con las finalidades tenidas en cuentas para la fundaci\u00f3n de la SOCIEDAD ARGENTINA de DIABETES, con las disposiciones de este Estatuto en lo que resulte aplicable, as\u00ed como con las resoluciones de la Comisi\u00f3n Directiva dictadas en su legal ejercicio y las Asambleas que se realicen.<\/p>\n<p>Podr\u00e1n ser miembros de la SOCIEDAD ARGENTINA de DIABETES, los egresados de las Facultades o Institutos de Instrucci\u00f3n Terciaria, fueren Nacionales o Extranjeras reconocidas, as\u00ed como aquellas entidades que acrediten inter\u00e9s, ya fuera relativo al ambiente cient\u00edfico, social o psicol\u00f3gico emergente del campo de la Diabetolog\u00eda<\/p>\n<p><strong><a href=\"http:\/\/diabetes.org.ar\/2019\/images\/SAD-Miembro-Titular.pdf\">DESCARGAR FORMULARIO<\/a><\/strong>[\/vc_column_text][\/toggle][toggle color=\u00bbAccent-Color\u00bb title=\u00bbMiembros Adherentes\u00bb][vc_column_text]REQUISITOS PARA SERLO<\/p>\n<p>a) Para ser Miembro Adherente, se requiere poseer t\u00edtulo de M\u00e9dico o Doctor en Medicina, expedido por una Universidad Nacional o Extranjera reconocida por el Estado Nacional Argentino.<\/p>\n<p>b) Presentar la pertinente solicitud a la Comisi\u00f3n Directiva, avalada por los Miembros Titulares u Honorarios y acompa\u00f1arla de un \u201ccurr\u00edculum vitae\u201d.<\/p>\n<p>c) Haber obtenido el voto favorable, escrito y secreto de la mayor\u00eda simple de la Comisi\u00f3n Directiva, \u201cad refer\u00e9ndum\u201d de la celebraci\u00f3n de la Asamblea General Ordinaria m\u00e1s pr\u00f3xima.<\/p>\n<p>BENEFICIOS QUE CORRESPONDEN A LOS MIEMBROS ADHERENTES<\/p>\n<p>a) Los Miembros Adherentes, gozar\u00e1n de todos los derechos y tendr\u00e1n las mismas obligaciones que los Miembros Titulares, excepto que carecer\u00e1n de voto en las sesiones cient\u00edficas y administrativas y no podr\u00e1n integrar la Comisi\u00f3n Directiva.<\/p>\n<p>b) Los Miembros Adherentes que hubieran presentado dos trabajos cient\u00edficos a las Reuniones de la SOCIEDAD ARGENTINA de DIABETES, podr\u00e1n solicitar su admisi\u00f3n como Miembros Titulares.<\/p>\n<p><strong><a href=\"http:\/\/www.diabetes.org.ar\/images\/SAD-Socios.pdf\">DESCARGAR SOLICITUD DE INGRESO<\/a><\/strong>[\/vc_column_text][\/toggle][toggle color=\u00bbAccent-Color\u00bb title=\u00bbMiembros Asociados\u00bb][vc_column_text]REQUISITOS PARA SERLO<br \/>\nPara ser Miembro Asociado se requiere:<\/p>\n<p>a) Ser odont\u00f3logo, bioqu\u00edmico, nutricionista, dietista, asistente social, psic\u00f3logo, soci\u00f3logo o educador egresado de Facultades o Institutos de Educaci\u00f3n Terciaria, ya fueren nacionales o extranjeros reconocidos por el Estado Nacional Argentino.<\/p>\n<p>b) Solicitar por escrito a la Comisi\u00f3n Directiva con el aval de dos Miembros Titulares y Honorarios y presentar el correspondiente \u201ccurriculum vitae\u201d.<\/p>\n<p>BENEFICIOS QUE CORRESPONDEN A LOS MIEMBROS ASOCIADOS<\/p>\n<p>El Miembro Asociado tendr\u00e1 todos los derechos y obligaciones que corresponden al Miembro Adherente, pero no podr\u00e1 cambiar su condici\u00f3n a la de Miembro Titular.<\/p>\n<p>MIEMBROS ASOCIADOS PLENOS<\/p>\n<p>Todo Miembro Asociado que cuente con una antig\u00fcedad m\u00ednima de UN A\u00d1O en la Sociedad, y otra no menor de CUATRO A\u00d1OS desde su graduaci\u00f3n que se encuentre incluido en las categor\u00edas a que alude el Art\u00edculo anterior en el inciso a) y que hubiere presentado un trabajo cient\u00edfico a la Sociedad, podr\u00e1 solicitar por escrito a la Comisi\u00f3n Directiva, su incorporaci\u00f3n como Miembro Asociado Pleno.<\/p>\n<p>A tal fin, deber\u00e1 elevar sus antecedentes, t\u00edtulos, trabajos, los que ser\u00e1n puestos a consideraci\u00f3n de la Subcomisi\u00f3n correspondiente.<\/p>\n<p>Previa aceptaci\u00f3n por la Comisi\u00f3n Directiva todo postulante a la calidad de Miembro Socio Pleno, ser\u00e1 propuesto a la Asamblea Anual Ordinaria, la cual para considerar aprobado el ingreso, deber\u00e1 emitir el voto favorable, por mayor\u00eda absoluta de los Miembros presentes, con qu\u00f3rum legal para hacerlo.<\/p>\n<p><strong><a href=\"http:\/\/www.diabetes.org.ar\/images\/SAD-Socios.pdf\">DESCARGAR SOLICITUD DE INGRESO<\/a><\/strong>[\/vc_column_text][\/toggle][toggle color=\u00bbAccent-Color\u00bb title=\u00bbMiembros Honorarios\u00bb][vc_column_text]REQUISITOS PARA SERLO<br \/>\nPodr\u00e1n ser Miembros Honorarios, las personas que re\u00fanan las condiciones para ser Miembros Titulares de la sociedad que se destaquen por su labor cient\u00edfica o que por la trascendencia de sus obras en pro del adelanto de la Diabetolog\u00eda, se hicieren acreedores a esta distinci\u00f3n.<br \/>\nLos Miembros Honorarios, podr\u00e1n ser nacionales o extranjeros y gozar\u00e1n de los derechos de los Miembros Titulares, pero no podr\u00e1n integrar la Comisi\u00f3n Directiva, encontr\u00e1ndose exentos del pago de la cuota societaria.<br \/>\nNo tendr\u00e1n derecho a voz ni a voto, podr\u00e1n ser elegidos para ocupar cargos en los \u00f3rganos sociales.<\/p>\n<p>DESIGNACI\u00d3N<br \/>\nSer\u00e1n designados por la Asamblea a propuesta de la C. D. o de un n\u00famero de veinte asociados con derecho a voto.<br \/>\nLa designaci\u00f3n de Miembros Honorarios, ya fuere el mismo nacional o extranjero, ser\u00e1 aprobada a propuesta del voto escrito y secreto de no menos de los DOS TERCIOS de los integrantes de la Comisi\u00f3n Directiva.[\/vc_column_text][\/toggle][toggle color=\u00bbAccent-Color\u00bb title=\u00bbMiembros Corresponsales Extranjeros\u00bb][vc_column_text]\n<div>REQUISITOS PARA SERLO<\/div>\n<div>a) Podr\u00e1n ser Miembros Corresponsales Extranjeros, los cient\u00edficos o estudiosos radicados fuera de la Rep\u00fablica Argentina, que se hubieren destacado en el campo de la Diabetolog\u00eda.<\/div>\n<div>b) Gozar\u00e1n de los derechos y tendr\u00e1n las obligaciones de los Miembros Adherentes.<\/div>\n<div>c) Estar\u00e1n exentos del pago de las cuotas societarias.<\/div>\n<div>d) Ser\u00e1n nombrados por la Asamblea General, a propuesta de la Comisi\u00f3n Directiva, por los dos tercios de los votos de los Miembros Titulares presentes en la Asamblea.<\/div>\n<div>DESIGNACI\u00d3N<\/div>\n<div>Los postulantes a la calidad de miembro Corresponsal Extranjero, gozar\u00e1n de las atribuciones de los Miembros Honorarios de la Sociedad. Los Miembros Corresponsales Extranjeros, no podr\u00e1n integrar la Comisi\u00f3n Directiva.<\/div>\n<div>La designaci\u00f3n de los mismos se producir\u00e1 de acuerdo a lo establecido en el Art. 14 inc. d).<\/div>\n[\/vc_column_text][\/toggle][\/toggles][\/vc_column][\/vc_row][vc_row type=\u00bbin_container\u00bb full_screen_row_position=\u00bbmiddle\u00bb column_margin=\u00bbdefault\u00bb scene_position=\u00bbcenter\u00bb text_color=\u00bbdark\u00bb text_align=\u00bbleft\u00bb overlay_strength=\u00bb0.3&#8243; shape_divider_position=\u00bbbottom\u00bb bg_image_animation=\u00bbnone\u00bb][vc_column column_padding=\u00bbno-extra-padding\u00bb column_padding_position=\u00bball\u00bb background_color_opacity=\u00bb1&#8243; background_hover_color_opacity=\u00bb1&#8243; column_link_target=\u00bb_self\u00bb column_shadow=\u00bbnone\u00bb column_border_radius=\u00bbnone\u00bb width=\u00bb1\/1&#8243; tablet_width_inherit=\u00bbdefault\u00bb tablet_text_alignment=\u00bbdefault\u00bb phone_text_alignment=\u00bbdefault\u00bb overlay_strength=\u00bb0.3&#8243; column_border_width=\u00bbnone\u00bb column_border_style=\u00bbsolid\u00bb bg_image_animation=\u00bbnone\u00bb][heading]\n<h3 class=\"\">SOCIOS COOPERADORES<\/h3>\n<p>Plenos[\/heading][carousel script=\u00bbowl_carousel\u00bb desktop_cols=\u00bb7&#8243; desktop_small_cols=\u00bb3&#8243; tablet_cols=\u00bb2&#8243; mobile_cols=\u00bb1&#8243; column_padding=\u00bb5px\u00bb loop=\u00bbtrue\u00bb autorotate=\u00bbtrue\u00bb][item id=\u00bb1605890393818-5&#8243; title=\u00bbElemento\u00bb tab_id=\u00bb1605890393819-7&#8243;][image_with_animation image_url=\u00bb6093&#8243; alignment=\u00bbcenter\u00bb animation=\u00bbFade In\u00bb hover_animation=\u00bbnone\u00bb border_radius=\u00bbnone\u00bb box_shadow=\u00bbnone\u00bb image_loading=\u00bbdefault\u00bb max_width=\u00bb100%\u00bb max_width_mobile=\u00bbdefault\u00bb img_link=\u00bbhttps:\/\/www.freestylelibre.com.ar\/index.html\u00bb][\/item][item id=\u00bb1605890393902-1&#8243; title=\u00bbElemento\u00bb tab_id=\u00bb1605890393903-4&#8243;][image_with_animation image_url=\u00bb8114&#8243; alignment=\u00bbcenter\u00bb animation=\u00bbFade In\u00bb hover_animation=\u00bbnone\u00bb border_radius=\u00bbnone\u00bb box_shadow=\u00bbnone\u00bb image_loading=\u00bbdefault\u00bb max_width=\u00bb100%\u00bb max_width_mobile=\u00bbdefault\u00bb img_link=\u00bbhttps:\/\/www.accu-chek.com.ar\/home\u00bb][\/item][item id=\u00bb1605890393952-1&#8243; title=\u00bbElemento\u00bb tab_id=\u00bb1605890393953-8&#8243;][image_with_animation image_url=\u00bb6099&#8243; alignment=\u00bbcenter\u00bb animation=\u00bbFade In\u00bb hover_animation=\u00bbnone\u00bb border_radius=\u00bbnone\u00bb box_shadow=\u00bbnone\u00bb image_loading=\u00bbdefault\u00bb max_width=\u00bb100%\u00bb max_width_mobile=\u00bbdefault\u00bb img_link=\u00bbhttps:\/\/www.gador.com.ar\/linea\/cardline\/\u00bb][\/item][item title=\u00bbElemento\u00bb id=\u00bb1605890394019-1&#8243; tab_id=\u00bb1605890394020-1&#8243;][image_with_animation image_url=\u00bb7457&#8243; alignment=\u00bbcenter\u00bb animation=\u00bbFade In\u00bb hover_animation=\u00bbnone\u00bb border_radius=\u00bbnone\u00bb box_shadow=\u00bbnone\u00bb image_loading=\u00bbdefault\u00bb max_width=\u00bb100%\u00bb max_width_mobile=\u00bbdefault\u00bb img_link=\u00bbhttps:\/\/www.lillylatam.com\/\u00bb][\/item][item title=\u00bbElemento\u00bb id=\u00bb1605890394066-8&#8243; tab_id=\u00bb1605890394067-10&#8243;][image_with_animation image_url=\u00bb6107&#8243; alignment=\u00bbcenter\u00bb animation=\u00bbFade In\u00bb hover_animation=\u00bbnone\u00bb border_radius=\u00bbnone\u00bb box_shadow=\u00bbnone\u00bb image_loading=\u00bbdefault\u00bb max_width=\u00bb100%\u00bb max_width_mobile=\u00bbdefault\u00bb img_link=\u00bbhttps:\/\/www.sanofi.com.ar\/es\u00bb][\/item][item title=\u00bbElemento\u00bb id=\u00bb1605890394120-6&#8243; tab_id=\u00bb1605890394122-10&#8243;][image_with_animation image_url=\u00bb8055&#8243; alignment=\u00bbcenter\u00bb animation=\u00bbFade In\u00bb hover_animation=\u00bbnone\u00bb border_radius=\u00bbnone\u00bb box_shadow=\u00bbnone\u00bb image_loading=\u00bbdefault\u00bb max_width=\u00bb100%\u00bb max_width_mobile=\u00bbdefault\u00bb img_link=\u00bbhttp:\/\/www.novonordisk.com.ar\/\u00bb][\/item][item title=\u00bbElemento\u00bb id=\u00bb1605890394185-1&#8243; tab_id=\u00bb1605890394186-1&#8243;][image_with_animation image_url=\u00bb6104&#8243; alignment=\u00bbcenter\u00bb animation=\u00bbFade In\u00bb hover_animation=\u00bbnone\u00bb border_radius=\u00bbnone\u00bb box_shadow=\u00bbnone\u00bb image_loading=\u00bbdefault\u00bb max_width=\u00bb100%\u00bb max_width_mobile=\u00bbdefault\u00bb img_link=\u00bbhttps:\/\/www.montpellier.com.ar\/\u00bb][\/item][\/carousel][vc_column_text]\n<p style=\"text-align: center;\">Semiplenos<\/p>\n<p style=\"text-align: center;\">BAG\u00d3\u00a0 \u00a0 CRAVERI\u00a0 \u00a0 DENVERFARMA\u00a0 \u00a0 SERVIER<\/p>\n[\/vc_column_text][\/vc_column][\/vc_row]\n","protected":false},"excerpt":{"rendered":"<p>[vc_row type=\u00bbfull_width_background\u00bb full_screen_row_position=\u00bbmiddle\u00bb equal_height=\u00bbyes\u00bb content_placement=\u00bbbottom\u00bb column_margin=\u00bbdefault\u00bb bg_color=\u00bb#f79521&#8243; scene_position=\u00bbcenter\u00bb text_color=\u00bbdark\u00bb text_align=\u00bbleft\u00bb top_padding=\u00bb12%\u00bb bottom_padding=\u00bb8%\u00bb overlay_strength=\u00bb0.5&#8243; shape_divider_position=\u00bbbottom\u00bb shape_divider_height=\u00bb350&#8243; bg_image_animation=\u00bbfade-in\u00bb parallax_bg=\u00bbtrue\u00bb parallax_bg_speed=\u00bbfast\u00bb shape_type=\u00bbmountains\u00bb][vc_column column_padding=\u00bbno-extra-padding\u00bb column_padding_position=\u00bball\u00bb background_color_opacity=\u00bb1&#8243; background_hover_color_opacity=\u00bb1&#8243; column_link_target=\u00bb_self\u00bb column_shadow=\u00bbnone\u00bb column_border_radius=\u00bbnone\u00bb width=\u00bb1\/1&#8243; tablet_width_inherit=\u00bbdefault\u00bb tablet_text_alignment=\u00bbdefault\u00bb phone_text_alignment=\u00bbdefault\u00bb&#8230;<\/p>\n","protected":false},"author":2,"featured_media":0,"parent":0,"menu_order":0,"comment_status":"closed","ping_status":"closed","template":"","meta":{"_mc_calendar":[],"_joinchat":[],"footnotes":""},"class_list":["post-6603","page","type-page","status-publish"],"_links":{"self":[{"href":"http:\/\/diabetes.org.ar\/2020\/wp-json\/wp\/v2\/pages\/6603","targetHints":{"allow":["GET"]}}],"collection":[{"href":"http:\/\/diabetes.org.ar\/2020\/wp-json\/wp\/v2\/pages"}],"about":[{"href":"http:\/\/diabetes.org.ar\/2020\/wp-json\/wp\/v2\/types\/page"}],"author":[{"embeddable":true,"href":"http:\/\/diabetes.org.ar\/2020\/wp-json\/wp\/v2\/users\/2"}],"replies":[{"embeddable":true,"href":"http:\/\/diabetes.org.ar\/2020\/wp-json\/wp\/v2\/comments?post=6603"}],"version-history":[{"count":12,"href":"http:\/\/diabetes.org.ar\/2020\/wp-json\/wp\/v2\/pages\/6603\/revisions"}],"predecessor-version":[{"id":8136,"href":"http:\/\/diabetes.org.ar\/2020\/wp-json\/wp\/v2\/pages\/6603\/revisions\/8136"}],"wp:attachment":[{"href":"http:\/\/diabetes.org.ar\/2020\/wp-json\/wp\/v2\/media?parent=6603"}],"curies":[{"name":"wp","href":"https:\/\/api.w.org\/{rel}","templated":true}]}}