{"id":5,"date":"2019-09-09T19:32:18","date_gmt":"2019-09-09T19:32:18","guid":{"rendered":"http:\/\/themenectar.com\/demo\/salient-corporate-3\/?page_id=5"},"modified":"2025-06-06T18:38:12","modified_gmt":"2025-06-06T18:38:12","slug":"corporate-3-landing","status":"publish","type":"page","link":"https:\/\/diabetes.org.ar\/jornadas\/","title":{"rendered":"HOME"},"content":{"rendered":"\t\t<div data-elementor-type=\"wp-page\" data-elementor-id=\"5\" class=\"elementor elementor-5\">\n\t\t\t\t<div class=\"elementor-element elementor-element-cf34774 e-con-full e-flex e-con e-parent\" data-id=\"cf34774\" data-element_type=\"container\" data-settings=\"{&quot;background_background&quot;:&quot;slideshow&quot;,&quot;background_slideshow_gallery&quot;:[{&quot;id&quot;:6485,&quot;url&quot;:&quot;http:\\\/\\\/diabetes.org.ar\\\/jornadas\\\/wp-content\\\/uploads\\\/2025\\\/06\\\/Sin-titulo-1500-x-380-px-A4.png&quot;}],&quot;background_slideshow_slide_duration&quot;:5000,&quot;background_slideshow_slide_transition&quot;:&quot;fade&quot;,&quot;background_slideshow_transition_duration&quot;:500}\">\n\t\t<div class=\"elementor-element elementor-element-abae8d4 e-con-full e-flex e-con e-child\" data-id=\"abae8d4\" data-element_type=\"container\">\n\t\t\t\t<div class=\"elementor-element elementor-element-34f58c0 elementor-widget__width-initial elementor-widget elementor-widget-heading\" data-id=\"34f58c0\" data-element_type=\"widget\" data-widget_type=\"heading.default\">\n\t\t\t\t<div class=\"elementor-widget-container\">\n\t\t\t\t\t<h2 class=\"elementor-heading-title elementor-size-default\">XII JORNADAS NACIONALES DE DIABETES <br><\/h2>\t\t\t\t<\/div>\n\t\t\t\t<\/div>\n\t\t\t\t<div class=\"elementor-element elementor-element-07d86e3 elementor-align-left elementor-widget elementor-widget-button\" data-id=\"07d86e3\" data-element_type=\"widget\" data-widget_type=\"button.default\">\n\t\t\t\t<div class=\"elementor-widget-container\">\n\t\t\t\t\t\t\t\t\t<div class=\"elementor-button-wrapper\">\n\t\t\t\t\t<a class=\"elementor-button elementor-button-link elementor-size-sm\" href=\"https:\/\/www.diabetes2.org.ar\/inscripcion_ficha.php?id=1120\">\n\t\t\t\t\t\t<span class=\"elementor-button-content-wrapper\">\n\t\t\t\t\t\t<span class=\"elementor-button-icon\">\n\t\t\t\t<svg aria-hidden=\"true\" class=\"e-font-icon-svg e-far-hand-point-right\" viewBox=\"0 0 512 512\" xmlns=\"http:\/\/www.w3.org\/2000\/svg\"><path d=\"M428.8 137.6h-86.177a115.52 115.52 0 0 0 2.176-22.4c0-47.914-35.072-83.2-92-83.2-45.314 0-57.002 48.537-75.707 78.784-7.735 12.413-16.994 23.317-25.851 33.253l-.131.146-.129.148C135.662 161.807 127.764 168 120.8 168h-2.679c-5.747-4.952-13.536-8-22.12-8H32c-17.673 0-32 12.894-32 28.8v230.4C0 435.106 14.327 448 32 448h64c8.584 0 16.373-3.048 22.12-8h2.679c28.688 0 67.137 40 127.2 40h21.299c62.542 0 98.8-38.658 99.94-91.145 12.482-17.813 18.491-40.785 15.985-62.791A93.148 93.148 0 0 0 393.152 304H428.8c45.435 0 83.2-37.584 83.2-83.2 0-45.099-38.101-83.2-83.2-83.2zm0 118.4h-91.026c12.837 14.669 14.415 42.825-4.95 61.05 11.227 19.646 1.687 45.624-12.925 53.625 6.524 39.128-10.076 61.325-50.6 61.325H248c-45.491 0-77.21-35.913-120-39.676V215.571c25.239-2.964 42.966-21.222 59.075-39.596 11.275-12.65 21.725-25.3 30.799-39.875C232.355 112.712 244.006 80 252.8 80c23.375 0 44 8.8 44 35.2 0 35.2-26.4 53.075-26.4 70.4h158.4c18.425 0 35.2 16.5 35.2 35.2 0 18.975-16.225 35.2-35.2 35.2zM88 384c0 13.255-10.745 24-24 24s-24-10.745-24-24 10.745-24 24-24 24 10.745 24 24z\"><\/path><\/svg>\t\t\t<\/span>\n\t\t\t\t\t\t\t\t\t<span class=\"elementor-button-text\">INSCRIBITE<\/span>\n\t\t\t\t\t<\/span>\n\t\t\t\t\t<\/a>\n\t\t\t\t<\/div>\n\t\t\t\t\t\t\t\t<\/div>\n\t\t\t\t<\/div>\n\t\t\t\t<\/div>\n\t\t\t\t<\/div>\n\t\t<div class=\"elementor-element elementor-element-037eb52 e-flex e-con-boxed e-con e-parent\" data-id=\"037eb52\" data-element_type=\"container\">\n\t\t\t\t\t<div class=\"e-con-inner\">\n\t\t\t\t<div class=\"elementor-element elementor-element-dac3893 elementor-widget-divider--view-line elementor-widget elementor-widget-divider\" data-id=\"dac3893\" data-element_type=\"widget\" data-widget_type=\"divider.default\">\n\t\t\t\t<div class=\"elementor-widget-container\">\n\t\t\t\t\t\t\t<div class=\"elementor-divider\">\n\t\t\t<span class=\"elementor-divider-separator\">\n\t\t\t\t\t\t<\/span>\n\t\t<\/div>\n\t\t\t\t\t\t<\/div>\n\t\t\t\t<\/div>\n\t\t\t\t<div class=\"elementor-element elementor-element-045da24 elementor-widget elementor-widget-text-editor\" data-id=\"045da24\" data-element_type=\"widget\" data-widget_type=\"text-editor.default\">\n\t\t\t\t<div class=\"elementor-widget-container\">\n\t\t\t\t\t\t\t\t\t<blockquote><p>Es un placer compartir con ustedes una gran noticia: desde la\u00a0<strong>Sociedad Argentina de Diabetes<\/strong>, estamos trabajando intensamente en la organizaci\u00f3n de nuestras\u00a0XII <strong>Jornadas Nacionales de Diabetes<\/strong>, que se llevar\u00e1n a cabo en el Hotel Marriott de la Ciudad Autonoma de Buenos Aires el 20 de agosto la pre-jornada, las cuales son organizadas desde el Capitulo AMBA y las jornadas 21-22 de <strong>agosto<\/strong>.\u00a0<\/p><p>Este evento ser\u00e1 una gran oportunidad para reunirnos, intercambiar conocimientos y actualizarnos sobre los \u00faltimos avances en el diagn\u00f3stico, tratamiento y prevenci\u00f3n de la diabetes. Queremos que estas jornadas sean un espacio de aprendizaje, reflexi\u00f3n y, sobre todo, de acci\u00f3n, generando estrategias para mejorar la calidad de vida de las personas que viven con diabetes.\u00a0<\/p><p>Muy pronto les compartiremos m\u00e1s detalles sobre el programa, los disertantes y todas las novedades que estamos preparando. Los invitamos a agendar la fecha, 20 al 22 de Agosto, y a sumarse a esta experiencia que, sin duda, ser\u00e1 enriquecedora para todos\u00a0<\/p><p>\u00a1Nos vemos en agosto!<br \/>Cordialmente,\u00a0<\/p><p>Dra. Carla Musso<br \/>Presidente,\u00a0<strong>Sociedad Argentina de Diabetes<\/strong><\/p><\/blockquote>\t\t\t\t\t\t\t\t<\/div>\n\t\t\t\t<\/div>\n\t\t\t\t<div class=\"elementor-element elementor-element-d7ccbc8 elementor-view-default elementor-widget elementor-widget-icon\" data-id=\"d7ccbc8\" data-element_type=\"widget\" data-widget_type=\"icon.default\">\n\t\t\t\t<div class=\"elementor-widget-container\">\n\t\t\t\t\t\t\t<div class=\"elementor-icon-wrapper\">\n\t\t\t<div class=\"elementor-icon\">\n\t\t\t<svg aria-hidden=\"true\" class=\"e-font-icon-svg e-fas-star\" viewBox=\"0 0 576 512\" xmlns=\"http:\/\/www.w3.org\/2000\/svg\"><path d=\"M259.3 17.8L194 150.2 47.9 171.5c-26.2 3.8-36.7 36.1-17.7 54.6l105.7 103-25 145.5c-4.5 26.3 23.2 46 46.4 33.7L288 439.6l130.7 68.7c23.2 12.2 50.9-7.4 46.4-33.7l-25-145.5 105.7-103c19-18.5 8.5-50.8-17.7-54.6L382 150.2 316.7 17.8c-11.7-23.6-45.6-23.9-57.4 0z\"><\/path><\/svg>\t\t\t<\/div>\n\t\t<\/div>\n\t\t\t\t\t\t<\/div>\n\t\t\t\t<\/div>\n\t\t\t\t<div class=\"elementor-element elementor-element-70d2a04 elementor-widget elementor-widget-google_maps\" data-id=\"70d2a04\" data-element_type=\"widget\" data-widget_type=\"google_maps.default\">\n\t\t\t\t<div class=\"elementor-widget-container\">\n\t\t\t\t\t\t\t<div class=\"elementor-custom-embed\">\n\t\t\t<iframe\n\t\t\t\t\tdata-src=\"https:\/\/maps.google.com\/maps?q=Hotel%20Marriott%2C%20Carlos%20Pellegrini%20551&#038;t=m&#038;z=16&#038;output=embed&#038;iwloc=near\"\n\t\t\t\t\ttitle=\"Hotel Marriott, Carlos Pellegrini 551\"\n\t\t\t\t\taria-label=\"Hotel Marriott, Carlos Pellegrini 551\"\n\t\t\t src=\"data:image\/svg+xml;base64,PHN2ZyB3aWR0aD0iMSIgaGVpZ2h0PSIxIiB4bWxucz0iaHR0cDovL3d3dy53My5vcmcvMjAwMC9zdmciPjwvc3ZnPg==\" class=\"lazyload\" data-load-mode=\"1\"><\/iframe>\n\t\t<\/div>\n\t\t\t\t\t\t<\/div>\n\t\t\t\t<\/div>\n\t\t\t\t\t<\/div>\n\t\t\t\t<\/div>\n\t\t\t\t<\/div>\n\t\t","protected":false},"excerpt":{"rendered":"<p>XII JORNADAS NACIONALES DE DIABETES INSCRIBITE Es un placer compartir con ustedes una gran noticia: desde la\u00a0Sociedad Argentina de Diabetes, estamos trabajando intensamente en la organizaci\u00f3n de nuestras\u00a0XII Jornadas Nacionales&#8230;<\/p>\n","protected":false},"author":2,"featured_media":0,"parent":0,"menu_order":0,"comment_status":"closed","ping_status":"closed","template":"","meta":{"footnotes":""},"class_list":["post-5","page","type-page","status-publish"],"_links":{"self":[{"href":"https:\/\/diabetes.org.ar\/jornadas\/wp-json\/wp\/v2\/pages\/5","targetHints":{"allow":["GET"]}}],"collection":[{"href":"https:\/\/diabetes.org.ar\/jornadas\/wp-json\/wp\/v2\/pages"}],"about":[{"href":"https:\/\/diabetes.org.ar\/jornadas\/wp-json\/wp\/v2\/types\/page"}],"author":[{"embeddable":true,"href":"https:\/\/diabetes.org.ar\/jornadas\/wp-json\/wp\/v2\/users\/2"}],"replies":[{"embeddable":true,"href":"https:\/\/diabetes.org.ar\/jornadas\/wp-json\/wp\/v2\/comments?post=5"}],"version-history":[{"count":124,"href":"https:\/\/diabetes.org.ar\/jornadas\/wp-json\/wp\/v2\/pages\/5\/revisions"}],"predecessor-version":[{"id":6507,"href":"https:\/\/diabetes.org.ar\/jornadas\/wp-json\/wp\/v2\/pages\/5\/revisions\/6507"}],"wp:attachment":[{"href":"https:\/\/diabetes.org.ar\/jornadas\/wp-json\/wp\/v2\/media?parent=5"}],"curies":[{"name":"wp","href":"https:\/\/api.w.org\/{rel}","templated":true}]}}